/(1/(-6)). Suppose -u*x + 63 = 5*z, 11*z - 13*z = 3*x - 28. What is the highest common factor of 33 and z?
11
Let v = 1 + 1. Let k = -81 + 86. Suppose 2*x = 4*l + l + 41, -k*l + 49 = 3*x. Calculate the highest common factor of x and v.
2
Let w(c) be the first derivative of -3*c**4/4 - c**3 + 3*c**2/2 + 6*c + 92. Let i be w(-2). What is the greatest common divisor of i and 276?
12
Let g(h) = -15*h**2 + 49*h - 9. Let o be g(3). Let x(p) = -2*p**3 - p**2 + p. Let s be x(1). Let m = o - s. What is the greatest common factor of m and 1?
1
Suppose 148 - 16 = -6*b. Let h be (b/(-55))/((-1)/(-5)). Let w be 0 + 13 - 1/(-1). Calculate the greatest common factor of h and w.
2
Let z = -2289 + 2393. Calculate the highest common divisor of 2249 and z.
13
Let t be (-16)/32 - (-87)/6. Let f be 10/t + (-56)/(-196). What is the highest common divisor of f and 31?
1
Let t = -132 - -655. Suppose 3*x - 3 = 0, 2*k - 12*x = -7*x + t. What is the highest common divisor of 24 and k?
24
Let z be (14/7 - -9)*1. Suppose -z*q = -32*q + 17157. What is the greatest common divisor of 38 and q?
19
Let g(l) = -36*l + 106*l + 6 - 37*l - 28*l. Suppose 5*r - 6 = 4. Let m be g(r). What is the greatest common factor of m and 2?
2
Suppose -67*a + 11849 - 10509 = 0. Suppose -4*d = 4*v - 2320, v = 4*v + 2*d - 1740. What is the highest common factor of a and v?
20
Suppose -12*h + 10*h - 10 = 0. Let d be ((-70)/(-91))/h - 496/(-13). Calculate the greatest common divisor of d and 152.
38
Suppose 0 = -0*x - 13*x + 455. Suppose -3*a + x - 125 = 0. Let j = a + 46. What is the greatest common factor of 8 and j?
8
Let b(k) = 437*k - 12943. Let d be b(62). What is the greatest common divisor of d and 106?
53
Let r(h) = 35*h - 355. Let c be r(13). What is the highest common divisor of c and 4?
4
Let f = -12970 + 13016. Suppose 0 = 3*r - r - 8. Suppose 148 = 2*l - 2*i, r*i - 26 - 299 = -5*l. Calculate the highest common factor of l and f.
23
Let z(b) = -5*b - 10. Let t be z(-3). Suppose -c = t*i - 906, -4*i + i = -3*c - 558. What is the greatest common factor of 78 and i?
26
Let q(y) = -y**2 + 125*y - 1071. Let i be q(10). Calculate the greatest common divisor of 1975 and i.
79
Suppose -3*h - 94 = -5*d, 2 = d + h - 12. Let r = 22 - d. Suppose r = w - 83. Calculate the highest common factor of 22 and w.
22
Suppose 0 = -5*o - 20, 4*m - 4*o + 417 = 485. Calculate the greatest common divisor of m and 104.
13
Let a(g) = 3*g - 53. Let s be a(19). Let b(n) = -n**3 + 9*n**2 - 7*n + 10. Let u be b(s). Calculate the highest common factor of 1178 and u.
62
Let r be 10/(-15)*9 + 30. Suppose 0 = -5*g - r + 129. What is the highest common divisor of g and 6?
3
Suppose -3*j = -305 - 287 - 326. Calculate the highest common divisor of j and 544.
34
Let w(k) = -22*k - 295. Let z be w(-15). Let m be (56 - 54)/((-2)/(-40)). What is the highest common factor of m and z?
5
Suppose y + f = 86, 0 = -0*y - 2*y - 4*f + 164. Calculate the greatest common factor of y and 70.
10
Let i = 6542 - 6512. Calculate the highest common factor of i and 8430.
30
Suppose -4*s - 4*s = -72. Let i = 11 + s. Let n be (-35)/(-5) - (1 - (-1 + -1)). What is the highest common factor of n and i?
4
Let b = 11762 + -7953. What is the highest common factor of b and 13?
13
Suppose 0 = -20*w - 972 + 1232. Let t(b) = b**3 + 17*b**2 + 20*b + 19. Let m be t(-15). What is the highest common divisor of w and m?
13
Suppose -177*t + 163*t + 2772 = 0. Calculate the highest common factor of 234 and t.
18
Let x be 5/((-275)/264)*15/(-12). Calculate the highest common factor of x and 6396.
6
Let n be -2*(-30)/(-36)*(-18)/5. Let b be -27*n*16/(-36). What is the greatest common divisor of 32 and b?
8
Suppose -5*b + 83*f + 1339 = 80*f, -b - 5*f + 251 = 0. What is the highest common divisor of 70 and b?
14
Let f be 440/4 + (6 - (1 + 6)). What is the greatest common factor of 4687 and f?
109
Let n = -207 + 364. Let q = n + -139. What is the greatest common factor of 66 and q?
6
Suppose 357*m = 286*m + 15762. What is the highest common factor of m and 30?
6
Let v be (-10 - 434/(-42)) + -2 + (-748)/(-6). What is the greatest common divisor of v and 21033?
123
Let h(i) = 46*i**2 + 13*i - 14. Let f = 250 - 249. Let s be h(f). Calculate the greatest common divisor of 315 and s.
45
Let k(b) = -2014*b - 4684. Let x be k(-6). What is the highest common factor of x and 555?
185
Suppose -w + 77*w - 3552 = 2*w. Calculate the highest common factor of 368 and w.
16
Let m be 14 - 880/(16 - 32). Calculate the greatest common factor of 2369 and m.
23
Let o be 6*4*2/(-12) - -4. Suppose 4*s - 759 = -k, o = k + 4 - 7. Suppose -4*y + 103 = -5. Calculate the greatest common divisor of y and s.
27
Let h = -1781 + 1781. Let v(x) = 2*x + 99 - 10 + 2*x**2 - 8. Let t be v(h). What is the highest common factor of t and 54?
27
Let z(q) = -q**2 + 33*q - 186. Let i be z(9). What is the highest common factor of 1605 and i?
15
Suppose 3652 = 3*r + 5*d, -74*r = -76*r + 2*d + 2408. Calculate the highest common divisor of r and 1755.
39
Suppose 0 = -34*c - 401 + 1761. Let g(h) = -h + 7. Let n be g(-3). Calculate the greatest common divisor of c and n.
10
Let f = 8820 + -8808. What is the greatest common factor of f and 2028?
12
Let c(j) = 3*j**2 + 37*j - 80. Let q be c(14). Calculate the highest common factor of q and 152.
38
Suppose 2*b + 446 = v, v - 2*v = -b - 444. Suppose 0 = -5*y + 14*y - 702. Calculate the greatest common factor of y and v.
26
Suppose -i - 2811 = -5*r - 969, -4*i = r - 381. Let x = 577 - r. What is the highest common divisor of 52 and x?
52
Let q = 2907 + -2603. Calculate the highest common factor of q and 38.
38
Let u(v) = 144*v. Let i be u(3). Let z(o) = -o**3 + 3*o**2 + 564*o - 3743. Let s be z(7). Calculate the greatest common factor of s and i.
9
Let x = 88172 - 88138. Let b(n) = 2*n**2 + 2*n + 3. Let p be b(-2). Let h be 121/p + (-6)/21. Calculate the greatest common factor of x and h.
17
Let q be (90/60)/(2/4). Suppose 0 = -2*j - j - 4*i + 544, -q*j + i + 539 = 0. What is the highest common divisor of 12 and j?
12
Let a = -83 - -84. Let t be ((-2 + 1)*a - -33) + 0. Calculate the highest common divisor of t and 176.
16
Let w be (5*2/6)/(12/540). Let c = 1 - -124. What is the greatest common factor of c and w?
25
Let l be 1*28 + -3*(-13)/(-39) - 3. Calculate the highest common divisor of l and 3048.
24
Suppose -115 + 25 = 5*i. Let j = 26 + i. Suppose -j*r + 10*r = 4. What is the highest common divisor of r and 16?
2
Let o = -4253 - -4358. Let d(x) = 42*x - 35. Let b be d(10). What is the greatest common factor of b and o?
35
Let a(i) = 121*i**2 - 120*i**2 - 10*i - 2 - 7*i. Let o be a(19). Calculate the highest common divisor of o and 90.
18
Suppose 9*t + 78*t - 1896576 = -41*t. What is the greatest common factor of t and 33?
33
Let q(d) = 5*d**3 + 2*d**2 - 17*d + 38. Let t be q(3). Let f be (-8 + 1)/((-4)/60). What is the greatest common divisor of t and f?
35
Let i be 398 + -1 + (-50)/(-10). What is the highest common divisor of 16 and i?
2
Let v be 2/(-7) + (-5 - 247/(-7)). Calculate the highest common factor of v and 740.
10
Let a be 3831/(-5) - (-17)/85. Let o = a + 922. What is the highest common divisor of 13 and o?
13
Let j be (-1 - -25)*(-15)/(-60). Suppose -30*h + 59 = 4*t - 29*h, 3*t = 2*h + 47. What is the highest common divisor of j and t?
3
Let p(k) = 5*k**2 - 44*k - 42. Let d be p(28). Suppose 1318*i - 1327*i = -d. What is the greatest common divisor of i and 84?
42
Let c be -1 + 41 - (175 + -174). What is the highest common factor of c and 14547?
39
Let t be -13 - (-574)/((-154)/(-11)). What is the highest common divisor of 18508 and t?
28
Let g = 3961 + -4036. Suppose -3*r - 7 - 2 = 0. Let h be (-4)/(-10) + r/(g/865). What is the highest common factor of 14 and h?
7
Let s(c) = -257*c**2 + 1547*c - 18. Let u be s(6). What is the greatest common factor of 4748 and u?
4
Let a be 11/((-748)/(-3152)) + 672/(-1904). Suppose 0 = 2*v + 3*v - x - 1146, 0 = 2*v - 5*x - 440. What is the greatest common divisor of a and v?
46
Let m be 134*1*(6/28 - 6/(-21)). Let c = 80 + -133. Let g = c + m. Calculate the highest common divisor of 28 and g.
14
Let y(u) = -94*u - 1346. Let r be y(-15). Calculate the greatest common divisor of 32 and r.
32
Suppose 3*o + 2 = 2*w +